{"id":633,"date":"2022-03-21T07:42:33","date_gmt":"2022-03-21T07:42:33","guid":{"rendered":"http:\/\/doctoracarolinalonglax.com.co\/?page_id=633"},"modified":"2022-12-20T21:25:38","modified_gmt":"2022-12-20T21:25:38","slug":"about","status":"publish","type":"page","link":"https:\/\/doctoracarolinalonglax.com.co\/?page_id=633","title":{"rendered":"About"},"content":{"rendered":"\n\n\t<h6>\n\t\t\t\t\tAlgunas palabras\n\t\t\t\t<\/h6>\n\t<h1>\n\t\t\t\t\tAcerca de m\u00ed\n\t\t\t\t<\/h1>\n\t<h6>\n\t\t\t\t\tUn Servicio excepcional\n\t\t\t\t<\/h6>\n\t<h3>\n\t\t\t\t\tMisi\u00f3n\n\t\t\t\t<\/h3>\n\t\n\t\t\t<p>Resolver los problemas de mal oclusi\u00f3n, prestando servicios de salud oral integral, con un manejo interdisciplinario de alta Calidad, en edades tempranas y adultas, cumpliendo y superando las expectativas de nuestros pacientes.<\/p>\n\t\t\t\t<img decoding=\"async\" src=\"https:\/\/doctoracarolinalonglax.com.co\/wp-content\/uploads\/2022\/09\/Pag-web-2.webp\" alt=\"Pag-web-2\" itemprop=\"image\"\/>\n\t<h6>\n\t\t\t\t\tLa mejor calidad\n\t\t\t\t<\/h6>\n\t<h3>\n\t\t\t\t\tVisi\u00f3n\n\t\t\t\t<\/h3>\n\t<p>Impacto y reconocimiento nacional e internacional , aportando a la calidad de vida de la poblaci\u00f3n atendida .<\/p>\n\t\t\t\t<img decoding=\"async\" src=\"https:\/\/doctoracarolinalonglax.com.co\/wp-content\/uploads\/2022\/09\/Pag-web-1-100.webp\" alt=\"Pag-web-1-100\" itemprop=\"image\"\/>\n\t\t\n\t\t\t\t<img decoding=\"async\" src=\"https:\/\/doctoracarolinalonglax.com.co\/wp-content\/uploads\/2022\/10\/LOGO-SCO-300x183-1.png\" alt=\"LOGO-SCO-300x183\" itemprop=\"image\"\/>\n\t\t\t\t<img decoding=\"async\" src=\"https:\/\/doctoracarolinalonglax.com.co\/wp-content\/uploads\/2022\/10\/GetTicketLogo-1.png\" alt=\"GetTicketLogo (1)\" itemprop=\"image\"\/>\n\t\t\n","protected":false},"excerpt":{"rendered":"<p>Algunas palabras Acerca de m\u00ed Un Servicio excepcional Misi\u00f3n Resolver los problemas de mal oclusi\u00f3n, prestando servicios de salud oral integral, con un manejo interdisciplinario de alta Calidad, en edades tempranas y adultas, cumpliendo y superando las expectativas de nuestros pacientes. La mejor calidad Visi\u00f3n Impacto y reconocimiento nacional e internacional , aportando a la [&hellip;]<\/p>\n","protected":false},"author":1,"featured_media":0,"parent":0,"menu_order":0,"comment_status":"closed","ping_status":"closed","template":"","meta":{"om_disable_all_campaigns":false,"_monsterinsights_skip_tracking":false,"_monsterinsights_sitenote_active":false,"_monsterinsights_sitenote_note":"","_monsterinsights_sitenote_category":0,"site-sidebar-layout":"no-sidebar","site-content-layout":"page-builder","ast-site-content-layout":"default","site-content-style":"default","site-sidebar-style":"default","ast-global-header-display":"","ast-banner-title-visibility":"","ast-main-header-display":"","ast-hfb-above-header-display":"","ast-hfb-below-header-display":"","ast-hfb-mobile-header-display":"","site-post-title":"disabled","ast-breadcrumbs-content":"","ast-featured-img":"disabled","footer-sml-layout":"","ast-disable-related-posts":"","theme-transparent-header-meta":"enabled","adv-header-id-meta":"","stick-header-meta":"","header-above-stick-meta":"","header-main-stick-meta":"","header-below-stick-meta":"","astra-migrate-meta-layouts":"default","ast-page-background-enabled":"default","ast-page-background-meta":{"desktop":{"background-color":"","background-image":"","background-repeat":"repeat","background-position":"center center","background-size":"auto","background-attachment":"scroll","background-type":"","background-media":"","overlay-type":"","overlay-color":"","overlay-opacity":"","overlay-gradient":""},"tablet":{"background-color":"","background-image":"","background-repeat":"repeat","background-position":"center center","background-size":"auto","background-attachment":"scroll","background-type":"","background-media":"","overlay-type":"","overlay-color":"","overlay-opacity":"","overlay-gradient":""},"mobile":{"background-color":"","background-image":"","background-repeat":"repeat","background-position":"center center","background-size":"auto","background-attachment":"scroll","background-type":"","background-media":"","overlay-type":"","overlay-color":"","overlay-opacity":"","overlay-gradient":""}},"ast-content-background-meta":{"desktop":{"background-color":"var(--ast-global-color-5)","background-image":"","background-repeat":"repeat","background-position":"center center","background-size":"auto","background-attachment":"scroll","background-type":"","background-media":"","overlay-type":"","overlay-color":"","overlay-opacity":"","overlay-gradient":""},"tablet":{"background-color":"var(--ast-global-color-5)","background-image":"","background-repeat":"repeat","background-position":"center center","background-size":"auto","background-attachment":"scroll","background-type":"","background-media":"","overlay-type":"","overlay-color":"","overlay-opacity":"","overlay-gradient":""},"mobile":{"background-color":"var(--ast-global-color-5)","background-image":"","background-repeat":"repeat","background-position":"center center","background-size":"auto","background-attachment":"scroll","background-type":"","background-media":"","overlay-type":"","overlay-color":"","overlay-opacity":"","overlay-gradient":""}},"_themeisle_gutenberg_block_has_review":false,"footnotes":""},"class_list":["post-633","page","type-page","status-publish","hentry"],"aioseo_notices":[],"_links":{"self":[{"href":"https:\/\/doctoracarolinalonglax.com.co\/index.php?rest_route=\/wp\/v2\/pages\/633","targetHints":{"allow":["GET"]}}],"collection":[{"href":"https:\/\/doctoracarolinalonglax.com.co\/index.php?rest_route=\/wp\/v2\/pages"}],"about":[{"href":"https:\/\/doctoracarolinalonglax.com.co\/index.php?rest_route=\/wp\/v2\/types\/page"}],"author":[{"embeddable":true,"href":"https:\/\/doctoracarolinalonglax.com.co\/index.php?rest_route=\/wp\/v2\/users\/1"}],"replies":[{"embeddable":true,"href":"https:\/\/doctoracarolinalonglax.com.co\/index.php?rest_route=%2Fwp%2Fv2%2Fcomments&post=633"}],"version-history":[{"count":10,"href":"https:\/\/doctoracarolinalonglax.com.co\/index.php?rest_route=\/wp\/v2\/pages\/633\/revisions"}],"predecessor-version":[{"id":1014,"href":"https:\/\/doctoracarolinalonglax.com.co\/index.php?rest_route=\/wp\/v2\/pages\/633\/revisions\/1014"}],"wp:attachment":[{"href":"https:\/\/doctoracarolinalonglax.com.co\/index.php?rest_route=%2Fwp%2Fv2%2Fmedia&parent=633"}],"curies":[{"name":"wp","href":"https:\/\/api.w.org\/{rel}","templated":true}]}}